culate the greatest common divisor of f and 2.
2
Let b = -22 + 47. Suppose -b = -3*r + 38. Calculate the highest common divisor of 7 and r.
7
Let w be 1*(952/10 - (-32)/40). What is the highest common divisor of 64 and w?
32
Suppose 198 = 2*w - 36. Let d = 5 + -3. Suppose -13 = -3*l + g + 26, d*g - 39 = -3*l. What is the greatest common factor of w and l?
13
Let l(n) = -9*n + 98. Let a be l(7). Let m(z) = z**3 - z + 5. Let g be m(0). Calculate the greatest common factor of g and a.
5
Suppose 24 + 36 = 5*c. Let d be (-4)/(2 + 129/(-63)). What is the greatest common divisor of d and c?
12
Suppose 5*t + 0*w = -5*w + 10, 5*w = 15. Let o be 5/(-10)*6*t. Calculate the greatest common factor of 21 and o.
3
Let u be 6*5 - (3 - 4)/(-1). What is the highest common divisor of u and 116?
29
Suppose u + 4*u - 280 = 0. Let i(y) = y + 14. Suppose 0 = 5*d - 10*d. Let g be i(d). Calculate the greatest common factor of g and u.
14
Suppose 3*v + 5*o = 50, -4*o + 72 = 4*v - 0*o. Suppose 4*h - 5*h - 4 = 0. Let s = v + h. What is the highest common divisor of s and 24?
8
Let t(a) = -10 + a**3 - a**2 + 10*a**2 + a**2 - 2*a. Let l be t(-10). What is the highest common factor of l and 20?
10
Let k = -215 + 236. Suppose 4 + 24 = 4*w. What is the greatest common divisor of w and k?
7
Suppose 10 = -3*b + 1, b - 77 = 5*m. Let n = -10 - m. Let j = n - 4. Calculate the greatest common factor of 8 and j.
2
Let p(s) = 12*s**2 + s - 2. Let j be p(2). Calculate the highest common factor of j and 6.
6
Let f be (-1)/((-1)/(-1)) + 19. Suppose -d = c - 6, 0 = -2*c + 4*d + 17 + 13. Calculate the highest common divisor of f and c.
9
Let n(p) = p**2 + 7*p + 3. Let f be n(-8). Suppose f = 2*z - 5. Let s = z + 22. What is the greatest common factor of 6 and s?
6
Suppose -6 = -5*o - 1. Let a = 32 - 29. Suppose 20 = 4*g - 3*b, -a*g = g - 4*b - 20. Calculate the highest common divisor of g and o.
1
Let b be (0 - (-6)/(-2)) + 67. Calculate the highest common factor of b and 16.
16
Let q = -19 + 35. Let z = -4 - -44. What is the greatest common divisor of q and z?
8
Let s(r) = -r + 15. Let y(j) = j**2 - j - 4. Let b be y(3). Let c = b + 6. Let n be s(c). Calculate the highest common divisor of 35 and n.
7
Let r(k) = -4 - 3*k + 5*k**2 + 3 + 0. Let j be r(-2). Let z be 685/j + (-2)/5. Calculate the highest common factor of 9 and z.
9
Suppose -j - 4*j = -3*k - 17, -2*j = 2*k - 10. What is the highest common factor of k and 9?
1
Let j be (-92)/(-6) + 8/12. Let o = 9 + -6. Suppose -3*l = o - 99. What is the greatest common divisor of l and j?
16
Suppose 2*b - 2*j - 2 = 0, -5*j = -5*b - j + 10. Let y(s) = s**3 - 6*s**2 + 10. Let p be y(b). What is the highest common divisor of 70 and p?
10
Let q(i) = -i**3 - 6*i**2 + 14*i + 9. Let y be q(-9). Suppose -6 = -4*j - y. Let r be (-4)/j*6*30. Calculate the greatest common divisor of r and 36.
12
Let q = 0 + 0. Suppose 5*x + 15 = q, x = 3*w - 4*w + 173. Let r = 44 - 28. Calculate the highest common divisor of r and w.
16
Suppose 8 = 5*n - 12. Suppose n*f - 578 + 138 = 0. Calculate the greatest common divisor of f and 10.
10
Suppose 8*x - 2 - 22 = 0. What is the greatest common factor of 21 and x?
3
Let w(g) = -10*g**2 + 4. Let n be w(-3). Let t = -1 - n. Let l = 125 - t. Calculate the greatest common divisor of 8 and l.
8
Let z(m) = m**3 + 2*m**2 - 3*m. Let h be z(2). Let l = h - -11. Let i = 15 + -8. What is the highest common factor of i and l?
7
Let w = -30 - -19. Let c = w - -71. Calculate the greatest common divisor of 30 and c.
30
Let d = -89 + 127. What is the highest common divisor of d and 95?
19
Let m be -19*(5/(-1))/5. Suppose -a - 1 = 0, -3*a - 15 = -d + 64. What is the greatest common factor of d and m?
19
Let k(z) = 4*z - 5. Let u be k(2). Suppose -2*h + 10 + 2 = 0. Let j be (19/2)/(u/h). What is the highest common factor of 38 and j?
19
Suppose -j - j = 10, -5*j + 15 = 5*o. Let q(a) = 6*a**2 + 2*a + 1. Let b be q(-1). Suppose -b*t = -t - 8. What is the greatest common factor of t and o?
2
Suppose -3*h - 3 + 15 = 0. Let b = h - 2. Suppose -4*w + 5*f + 36 = -21, 2*w - 31 = 3*f. What is the highest common factor of b and w?
2
Let p(m) = 4*m**2 - 10*m + 7. Let x be p(10). Let j = x - 43. Calculate the greatest common divisor of j and 24.
24
Let x(u) = 14*u**3 - u. Let n be x(1). Let j = -55 - -162. Suppose g + 5*b = j, 5*g + 3*b - 618 = -39. Calculate the highest common divisor of n and g.
13
Suppose 4*g + 32 = 8*g. What is the greatest common divisor of g and 1?
1
Let p = -22 + 52. What is the highest common divisor of p and 12?
6
Suppose 2*k - 14 = -4. Suppose -k*w + 5*j + 7 = -3, w + 1 = 4*j. What is the highest common divisor of 6 and w?
3
Suppose -3*l = 4 - 16. Calculate the greatest common divisor of l and 32.
4
Let t = 1019 + -541. Let x be (-10)/(-35) - t/7. Let z = 47 - x. Calculate the greatest common factor of z and 23.
23
Let w be (-364)/(-6) - (-4)/(-6). Suppose 0 = -y + x + 28, 2*y = 5*x + 11 + 57. Calculate the highest common divisor of w and y.
12
Let q = 26 - 8. What is the greatest common divisor of 162 and q?
18
Let p(l) = l**3 + 19*l**2 - 18*l + 45. Let w be p(-20). What is the highest common divisor of w and 25?
5
Let p(u) = -8*u**3 + 4*u**2 + 2. Let g(j) = 9*j**3 - 5*j**2 - 3. Let t(h) = -3*g(h) - 4*p(h). Let b be t(1). Calculate the highest common factor of 20 and b.
5
Let l be (16/5)/((-3)/(-30)). Let b = l + 0. What is the greatest common factor of b and 4?
4
Let m be 109/2 - (-3)/(-6). Suppose -16 - m = -5*i. Let o be 1*(-3)/((-12)/280). What is the greatest common factor of o and i?
14
Let z be ((-1)/(-4))/(3/60). Let u = 1 + 9. Calculate the highest common factor of u and z.
5
Let l(s) = -4*s. Let x be l(2). Let o = 2 - x. What is the greatest common factor of o and 25?
5
Let c(r) = -10 - 5*r**2 + r**3 + 0*r**3 - 2*r**2 - 4*r. Let n be c(8). Suppose -3*z + 2*z = -n. What is the highest common divisor of z and 176?
22
Suppose 0*d - 36 = -4*d. What is the greatest common divisor of 3 and d?
3
Let p = 13 - 3. Let i = -143 + 183. What is the greatest common factor of p and i?
10
Let f(y) = 2*y + 15. Let g be f(-15). Let v be 37 - (4 - (-2)/(-1)). Let i = v + g. What is the greatest common factor of 5 and i?
5
Let t be ((-7)/(-4))/(((-2)/16)/(-1)). Calculate the highest common divisor of 140 and t.
14
Let j(v) = 3*v**2 - 2*v - 1. Let y be j(-2). Suppose 2*w + 5 = -3*k + 4*k, 0 = 3*w - 2*k + 8. Let b = 3 - w. Calculate the highest common divisor of b and y.
5
Suppose 4 + 6 = 2*b. Let m(a) = -a**2 + 6*a - 5. Let y be m(b). Suppose -2*p + 26 = -u, -p - u = -y*p - 10. What is the highest common factor of p and 48?
12
Let a(i) = 25*i**3 + i**2 - 2*i + 1. Let n be a(2). Let t be n/18 - 2/12. Calculate the highest common divisor of t and 99.
11
Suppose -3*g + 85 = -5*w + 18, g - 5*w = 39. What is the greatest common factor of g and 21?
7
Let i(d) = 8*d. Let f be i(1). Suppose -3*b + f = -1. Suppose -10 = -w - 2*s, 0 = b*w - 4*s - 0*s. What is the highest common factor of 12 and w?
4
Let p = 38 - 35. Calculate the greatest common factor of p and 6.
3
Suppose 4*w = -4*d, 0 = -4*d + 4*w - w + 21. Suppose -5*a + z + 82 = 0, d*z - 70 = -5*a - 2*z. Calculate the greatest common divisor of 112 and a.
16
Let i(x) = -8*x + 7. Let h(d) = -4*d + 4. Let z(b) = 5*h(b) - 3*i(b). Let n be z(9). Calculate the highest common factor of 14 and n.
7
Let a = -18 + 43. Suppose 3*z + a = v, 4*z = -5*v + z + 35. Calculate the highest common factor of 40 and v.
10
Suppose 2*i + 22 = 5*i + 4*p, 3*i + p = 10. Suppose -5*w = -4*j - 291, -j = -w - i*w + 169. What is the highest common divisor of w and 22?
11
Let b = 12 + 0. Suppose 4 = 2*f - 5*m, -3*f + 5*m + 1 = -15. Calculate the greatest common factor of f and b.
12
Suppose 3*b - j - 3 = 31, 4*j = -5*b + 85. Calculate the greatest common divisor of b and 91.
13
Let q(o) = 8*o - 64. Let d be q(14). What is the highest common factor of 80 and d?
16
Let a be (8/5)/((-3)/(-15)). Calculate the greatest common factor of a and 32.
8
Let i = -26 + 39. Calculate the greatest common factor of 13 and i.
13
Let t be (-7)/(-7) - 55*-1. Let n be 2/(-3) + 160/15. Let j = n + -3. Calculate the highest common divisor of t and j.
7
Let m = -9 + 28. Suppose -181 = -3*d - m. Let q be 111/18 + (-4)/24. What is the grea